 the remainder when 360205 is divided by 60?
25
Calculate the remainder when 1296 is divided by 481.
334
What is the remainder when 795007 is divided by 1963?
1955
What is the remainder when 1065585 is divided by 266395?
5
Calculate the remainder when 12036 is divided by 186.
132
Calculate the remainder when 195 is divided by 169.
26
What is the remainder when 24841 is divided by 90?
1
Calculate the remainder when 8004 is divided by 2664.
12
Calculate the remainder when 2132 is divided by 24.
20
What is the remainder when 88925 is divided by 14?
11
What is the remainder when 1869525 is divided by 244?
241
What is the remainder when 5081 is divided by 1692?
5
Calculate the remainder when 966678 is divided by 572.
570
Calculate the remainder when 147 is divided by 57.
33
What is the remainder when 6338 is divided by 216?
74
Calculate the remainder when 1098 is divided by 884.
214
Calculate the remainder when 50905 is divided by 10.
5
Calculate the remainder when 3100 is divided by 192.
28
What is the remainder when 62749 is divided by 251?
250
What is the remainder when 2056336 is divided by 282?
274
What is the remainder when 11927 is divided by 175?
27
Calculate the remainder when 168481 is divided by 61.
60
Calculate the remainder when 55761 is divided by 87.
81
What is the remainder when 270636 is divided by 90210?
6
Calculate the remainder when 10119 is divided by 329.
249
What is the remainder when 953 is divided by 473?
7
What is the remainder when 20334 is divided by 1207?
1022
Calculate the remainder when 13740 is divided by 726.
672
What is the remainder when 145728 is divided by 19?
17
Calculate the remainder when 293269 is divided by 943.
939
What is the remainder when 4458 is divided by 117?
12
What is the remainder when 73965 is divided by 23?
20
What is the remainder when 38121 is divided by 17?
7
Calculate the remainder when 1352903 is divided by 27.
14
What is the remainder when 18587 is divided by 382?
251
Calculate the remainder when 103133 is divided by 116.
9
Calculate the remainder when 28307 is divided by 238.
223
Calculate the remainder when 15968 is divided by 3932.
240
Calculate the remainder when 7121 is divided by 91.
23
What is the remainder when 811510 is divided by 24?
22
Calculate the remainder when 9808 is divided by 2444.
32
What is the remainder when 940 is divided by 245?
205
Calculate the remainder when 234514 is divided by 78.
46
What is the remainder when 17383 is divided by 17332?
51
Calculate the remainder when 2027 is divided by 18.
11
What is the remainder when 37305 is divided by 54?
45
What is the remainder when 74541 is divided by 934?
755
What is the remainder when 14996 is divided by 2104?
268
What is the remainder when 17134 is divided by 58?
24
Calculate the remainder when 20631 is divided by 224.
23
Calculate the remainder when 4491 is divided by 4488.
3
Calculate the remainder when 27341 is divided by 14.
13
Calculate the remainder when 55902 is divided by 27945.
12
What is the remainder when 1673 is divided by 336?
329
What is the remainder when 33043 is divided by 16515?
13
Calculate the remainder when 12787 is divided by 164.
159
Calculate the remainder when 21458 is divided by 311.
310
What is the remainder when 21908 is divided by 152?
20
Calculate the remainder when 11349 is divided by 11264.
85
What is the remainder when 206912 is divided by 267?
254
Calculate the remainder when 9180 is divided by 20.
0
Calculate the remainder when 6890 is divided by 2296.
2
What is the remainder when 5343 is divided by 1763?
54
Calculate the remainder when 117853 is divided by 58921.
11
What is the remainder when 25986 is divided by 571?
291
Calculate the remainder when 168571 is divided by 16.
11
What is the remainder when 998933 is divided by 244?
241
Calculate the remainder when 9583 is divided by 12.
7
What is the remainder when 10633 is divided by 5313?
7
Calculate the remainder when 884026 is divided by 3929.
1
What is the remainder when 3386 is divided by 1076?
158
Calculate the remainder when 116574 is divided by 100.
74
Calculate the remainder when 84487 is divided by 411.
232
Calculate the remainder when 2054828 is divided by 410964.
8
Calculate the remainder when 132398 is divided by 2878.
10
Calculate the remainder when 635 is divided by 319.
316
What is the remainder when 386 is divided by 64?
2
What is the remainder when 9323 is divided by 291?
11
What is the remainder when 1149 is divided by 104?
5
What is the remainder when 6507 is divided by 24?
3
Calculate the remainder when 192895 is divided by 128.
127
Calculate the remainder when 395 is divided by 190.
15
Calculate the remainder when 24638 is divided by 16.
14
What is the remainder when 17326 is divided by 2466?
64
What is the remainder when 509567 is divided by 119?
9
What is the remainder when 337 is divided by 272?
65
What is the remainder when 97912 is divided by 464?
8
What is the remainder when 68330 is divided by 13665?
5
What is the remainder when 26559 is divided by 113?
4
What is the remainder when 17402 is divided by 1578?
44
Calculate the remainder when 19620 is divided by 228.
12
What is the remainder when 13898 is divided by 233?
151
Calculate the remainder when 962 is divided by 879.
83
What is the remainder when 35145 is divided by 299?
162
What is the remainder when 63372 is divided by 21110?
42
What is the remainder when 69364 is divided by 58?
54
Calculate the remainder when 48104 is divided by 295.
19
Calculate the remainder when 64956 is divided by 18.
12
What is the remainder when 105654 is divided by 1243?
1242
Calculate the remainder when 617001 is divided by 1044.
1041
Calculate the remainder when 500206 is divided by 68.
66
What is the remainder when 532522 is divided by 895?
892
What is the remainder when 612 is divided by 184?
60
What is the remainder when 2810 is divided by 32?
26
Calculate the remainder when 271341 is divided by 2660.
21
Calculate the remainder when 10549 is divided by 10486.
63
Calculate the remainder when 1513 is divided by 336.
169
What is the remainder when 6124 is divided by 27?
22
Calculate the remainder when 2703 is divided by 338.
337
Calculate the remainder when 2658 is divided by 142.
102
What is the remainder when 69203 is divided by 736?
19
What is the remainder when 565 is divided by 68?
21
What is the remainder when 945150 is divided by 104?
102
Calculate the remainder when 8369 is divided by 42.
11
Calculate the remainder when 35709 is divided by 124.
121
What is the remainder when 9976 is divided by 587?
584
What is the remainder when 2314 is divided by 838?
638
What is the remainder when 966 is divided by 71?
43
What is the remainder when 4597288 is divided by 30?
28
What is the remainder when 6384 is divided by 120?
24
What is the remainder when 1912 is divided by 69?
49
Calculate the remainder when 17516 is divided by 486.
20
What is the remainder when 18093 is divided by 50?
43
Calculate the remainder when 562285 is divided by 595.
10
Calculate the remainder when 6355 is divided by 19.
9
Calculate the remainder when 3997 is divided by 178.
81
What is the remainder when 3093 is divided by 222?
207
Calculate the remainder when 332 is divided by 13.
7
What is the remainder when 513 is divided by 341?
172
What is the remainder when 359821 is divided by 433?
431
Calculate the remainder when 61760 is divided by 8822.
6
What is the remainder when 17456 is divided by 3308?
916
What is the remainder when 519 is divided by 235?
49
What is the remainder when 22275 is divided by 25?
0
What is the remainder when 54962 is divided by 385?
292
Calculate the remainder when 915387 is divided by 24.
3
What is the remainder when 6956 is divided by 992?
12
What is the remainder when 28903 is divided by 63?
49
Calculate the remainder when 45165 is divided by 17.
13
What is the remainder when 41532 is divided by 16?
12
What is the remainder when 5984 is divided by 4251?
1733
What is the remainder when 82721 is divided by 17?
16
Calculate the remainder when 463047 is divided by 90.
87
What is the remainder when 1352896 is divided by 697?
19
What is the remainder when 1862 is divided by 25?
12
What is the remainder when 359 is divided by 340?
19
Calculate the remainder when 13528 is div